nd n.
47
Suppose -2*y = -27 + 23. Let s be 220/y + (-1 - -3). Suppose 2*c + 52 = 4*n, -3*c = 2*n + 2*c - 38. What is the greatest common factor of n and s?
14
Let r = 24 - -26. Let p = 86 - r. Let h = p - 22. Calculate the greatest common factor of 56 and h.
14
Suppose 3*p = 4*w - 22, 4*p - 2*w + 25 = -w. Let x be 9/p*24/(-4). Calculate the highest common factor of 99 and x.
9
Let h(v) = -v**3 - 13*v**2 + 2*v - 38. Let u be h(-14). What is the greatest common divisor of 52 and u?
26
Let h(s) = -s**3 - 9*s**2 - 5*s + 9. Let t = -36 - -28. Let g be h(t). Let x be (32/10)/((-3)/g). What is the highest common divisor of 96 and x?
16
Suppose -27*w + 16*w + 22 = 0. Suppose -5*s + 20 = -90. What is the greatest common divisor of s and w?
2
Suppose -621 = 2*g - 5*g. Let m = -7 - -14. Let q be 159/m - 8/(-28). What is the highest common divisor of q and g?
23
Let x = 452 - 448. What is the highest common divisor of x and 26?
2
Suppose 0 = 9*l - 13*l + 2360. What is the highest common factor of 59 and l?
59
Let c = 1360 + -1266. Calculate the highest common factor of c and 10.
2
Let h(c) = c**3 + 4*c**2 - c + 5. Let r be h(-4). Let m = r + 2. Calculate the greatest common divisor of m and 121.
11
Let z be (-51)/(-15) + 1/((-10)/4). Suppose 2*y + 2*y = -z*t + 35, 15 = 3*y. What is the greatest common divisor of t and 5?
5
Let z be (8*12/16)/((-2)/(-9)). Suppose 30 = 2*k - f - 10, 5*k - 3*f - 98 = 0. Let r = 31 - k. What is the greatest common factor of z and r?
9
Let c(q) = 3*q**2 - 3*q - 8. Let d = 13 - 9. Let j be c(d). Suppose -99 = 4*g - 379. What is the highest common factor of j and g?
14
Suppose 130 = 2*v + 3*v. Suppose -4*g - 83 = -239. What is the greatest common divisor of v and g?
13
Let j = 8 - 4. Let o(v) = 2*v**3 - 5*v**2 + v - 11. Let h be o(5). Suppose -113*w = -h*w + 12. Calculate the greatest common factor of j and w.
2
Suppose -2*p = 70 - 86. What is the highest common divisor of p and 40?
8
Let d(v) = v**2 + 6*v + 5. Let f be d(-5). Suppose m = -3*u + 31, 3*m - 5*u = -f*m + 135. Let z = m + -3. Calculate the greatest common divisor of 407 and z.
37
Let p = 534 - 119. Calculate the greatest common factor of p and 5.
5
Let c(b) = 8*b - 75. Let s be c(8). Suppose -v - 71 = -5*m, -2*m - 2*v = -v - 34. Let q = m + s. Calculate the highest common factor of 1 and q.
1
Let d(o) = 7*o**2 - 2*o. Let r be d(-2). Suppose -80 = 5*y - 2*s, 5*y + 18 = -4*s - r. Let a = y + 22. What is the highest common factor of a and 1?
1
Let q = -1160 - -1289. What is the highest common factor of 430 and q?
43
Let j(r) = 6*r**2 - 26*r - 30. Let c be j(6). What is the greatest common divisor of c and 660?
30
Suppose 5*n = 4*o - 58, 3*n - 46 + 16 = -3*o. What is the greatest common divisor of o and 132?
12
Let j = 933 - 358. Calculate the greatest common divisor of j and 23.
23
Suppose 0 = 39*j - 11*j - 20020. Calculate the highest common factor of 65 and j.
65
Suppose 2*a - 17*a = -330. Suppose 14*u = 90 + a. What is the greatest common divisor of u and 72?
8
Let d(b) = -9*b - b**2 + 22 + 2*b**2 + 27*b. Let k be d(-18). Calculate the greatest common divisor of k and 22.
22
Let b = 2688 - 2662. Calculate the highest common divisor of b and 169.
13
Let j be 609/28*2 - 3/2. What is the greatest common factor of j and 231?
21
Let b(p) = -2*p - 15. Let h be b(-5). Let m(s) = -s + 5. Let q be m(h). Let r(w) = w - 1. Let v be r(3). Calculate the greatest common divisor of q and v.
2
Let r be (-550)/(-165)*(92 - 2). What is the greatest common factor of r and 120?
60
Let w be (0 - 572/(-19)) + (-20)/190. Calculate the highest common divisor of 975 and w.
15
Suppose 2*a + 0*s = -3*s + 50, 0 = a + s - 25. Calculate the greatest common divisor of a and 100.
25
Suppose 3*c + 0*i - 1848 = -5*i, 3*c = i + 1866. What is the highest common divisor of 23 and c?
23
Let s(f) = 10*f + 3 - 6 + 4. Let w be s(1). What is the greatest common divisor of w and 11?
11
Suppose 93 = 3*y - 3*n, 4*y = 3*y - 5*n + 37. Let z be 0/(-2) - (-8 - y). Suppose 5*s = 3*s + z. Calculate the highest common factor of 100 and s.
20
Suppose 0*p + 4*p + 4 = 4*k, 3*p + 2*k = 7. Let n(v) = 16*v**2 + 1. Let w be n(p). Suppose a - 138 = 49. Calculate the greatest common divisor of w and a.
17
Suppose 2668 = 27*j - 815. Calculate the highest common divisor of j and 473.
43
Let b(g) = -g**3 + 9*g**2 + 8*g + 21. Let r be b(10). Let u be (r - 142)/(-3) + -3. What is the greatest common factor of u and 110?
22
Let r be 6/(-8) - 180/(-48). Suppose 27 = o - y, 65 = r*o - 0*o + 5*y. What is the greatest common factor of 125 and o?
25
Let k(b) = 45*b. Let i be k(5). Let o(l) = l**2 - 19*l + 25. Suppose p + 209 = 12*p. Let z be o(p). What is the highest common divisor of i and z?
25
Let v(j) = -83*j - 358. Let p be v(-6). Calculate the greatest common divisor of 28 and p.
28
Suppose -5*u - d = -83, -3*u - 2*d = 2*d - 60. Suppose -5*l + u = t, 4*l + l - 3*t - 12 = 0. Calculate the greatest common factor of l and 3.
3
Let i(f) = 23*f + 4 - 1 - 8 - 17. Let q be i(4). What is the greatest common factor of 14 and q?
14
Let w = 5 - -3. Suppose -3*s = -3*p + s + 312, -4*s - 416 = -4*p. Calculate the greatest common factor of w and p.
8
Let r = 669 + -667. What is the greatest common factor of r and 106?
2
Let l(h) = h**3 - 4*h**2 + 6*h - 7. Let w be l(8). Suppose -4*v + 11 = -w. Let j(n) = 3*n - 5. Let a be j(4). What is the greatest common divisor of v and a?
7
Let t(y) = -4*y - 5. Let u be t(-4). Let w = 2054 + -2053. What is the greatest common factor of w and u?
1
Let f(p) = 10*p - 10. Let w(k) = -19*k + 21. Let v = 20 + -18. Let t(a) = v*w(a) + 5*f(a). Let d be t(3). Calculate the highest common divisor of d and 70.
14
Suppose 0 = -8*o - 48 - 576. Let t = 93 + o. Calculate the highest common factor of 3 and t.
3
Let h be (-133 - -1)/(7 - (-204)/(-24)). What is the greatest common divisor of 44 and h?
44
Let p be 6 - (-143 + 2 - -3). What is the greatest common factor of 6 and p?
6
Let q = -131 - -146. Calculate the highest common factor of q and 6.
3
Suppose -l = -5*m - 11, -4*l = -0*m + 3*m - 21. Let v = -42 - -72. What is the greatest common factor of l and v?
6
Let j(p) = -3*p + 24. Let n be j(8). Suppose h + n*l + 2*l = 94, 99 = h + l. Calculate the highest common factor of h and 13.
13
Suppose f + 23 = 31*s - 30*s, -5*f - 11 = -s. Suppose 0 = -3*g - 2*g + 65. What is the greatest common divisor of s and g?
13
Suppose -3*i - 62 = -5*j + j, 0 = 2*j + 5*i - 18. Let x be (-135)/105 + 4/j. Let o be x + (3 - -111)/2. Calculate the greatest common divisor of 7 and o.
7
Suppose p = 2 + 7. Let d be (-89465)/(-1421) + (-8)/(-196). What is the greatest common factor of p and d?
9
Let a(p) = -3*p**2 - 8*p + 2. Let c be a(-4). Let h = c + 12. Let n be h - -29*(4 + -3). What is the highest common divisor of 81 and n?
27
Let u = 228 - 164. Calculate the greatest common divisor of 224 and u.
32
Let s be (-297)/(-6)*2/3. What is the highest common divisor of s and 264?
33
Let q be (2/(-6))/((-2)/18). Suppose 5*l = -4*c + 331, -348 + 53 = -5*l + 5*c. Let y = q + l. What is the highest common factor of y and 6?
6
Let u be (-12)/2*(8 + 350/(-21)). Calculate the highest common divisor of 1 and u.
1
Let x = 31 - -17. Suppose 732 = -29*h + 90*h. What is the highest common divisor of x and h?
12
Let b(s) = 2*s**3 - 5*s**2 + s + 4. Let v be b(3). Let u be ((-19)/(-3) + -5)/(1/18). What is the greatest common divisor of u and v?
8
Let c(m) be the first derivative of -m**3/3 + 7*m**2/2 + 14*m + 30. Let q be c(7). What is the greatest common divisor of 70 and q?
14
Let k be -2 - (-3 + -3 - -3). Let c = 145 - 140. Calculate the greatest common factor of k and c.
1
Suppose 5*l - 31 = h, 6*l = l - 5*h + 25. Suppose -y - 9 = -4*f, 3*f + 8 = 2*y + l. What is the greatest common divisor of y and 70?
7
Let g be 2520/(-50) + 6/(-10). Let l = 198 - g. Let h = -78 + l. What is the greatest common factor of 19 and h?
19
Let h = 2277 - 2190. Calculate the highest common divisor of h and 12.
3
Suppose -55 = -4*k - g, 5*k + 2*g = g + 69. Let o be ((-6)/(-1))/(3/k). Let t = 1 - -27. What is the greatest common divisor of o and t?
28
Suppose m - 10 = 2. Suppose -261 = -5*y - 76. Suppose -y = -2*o + 11. Calculate the greatest common factor of o and m.
12
Supp